100
In base 10, what is -55156 - 4?
-55160
In base 2, what is 100101 - 101000000101000111111?
-101000000101000011010
In base 16, what is 2 + 77a0e?
77a10
In base 7, what is -100 + 11641650?
11641550
In base 13, what is -b254820 - -6?
-b254817
In base 6, what is 1212 + -425?
343
In base 14, what is -49a9d + 1642?
-4845b
In base 4, what is 2300 - 2302323?
-2300023
In base 2, what is 0 + 1111010101001011000001?
1111010101001011000001
In base 15, what is 79 + -5710b?
-57082
In base 5, what is 4143431421 - -2?
4143431423
In base 2, what is 1100010011110100000 + 1000000?
1100010011111100000
In base 9, what is 55443627 - 3?
55443624
In base 13, what is 16a4496 - 39?
16a445a
In base 5, what is -22023 - 2244202?
-2321230
In base 4, what is -2320311312 - 10?
-2320311322
In base 15, what is -1e0b + 472?
-1989
In base 4, what is -1231 - -113322313?
113321022
In base 10, what is -260905 + 1704?
-259201
In base 4, what is -1101022 - -1130?
-1033232
In base 8, what is 10 - -165123632?
165123642
In base 11, what is 8 - 282a1095?
-282a1088
In base 13, what is -367c0 - 666?
-37156
In base 6, what is 242 - 35440135?
-35435453
In base 15, what is 4c + -45695?
-45648
In base 9, what is -11 + -185266?
-185277
In base 10, what is 6764048 - -4?
6764052
In base 13, what is 5 - -4a011872?
4a011877
In base 10, what is 2986852 + -3?
2986849
In base 11, what is -20 - -4529198?
4529178
In base 5, what is 2221040 - 3?
2221032
In base 10, what is -18617 - -308?
-18309
In base 16, what is -49a2 + -b0a9?
-fa4b
In base 11, what is -8513a97 + 35?
-8513a62
In base 13, what is 3965 - -6718?
a380
In base 2, what is -111111111001111111000 - 1011?
-111111111010000000011
In base 4, what is -3332203102220 - 13?
-3332203102233
In base 15, what is 4168e + 34?
416c3
In base 13, what is -35c4 - ca6?
-459a
In base 5, what is 31133044 - -31?
31133130
In base 7, what is 4 + 32141362?
32141366
In base 14, what is 25 + -41b7a?
-41b55
In base 5, what is 1103 - -1040131?
1041234
In base 2, what is -1101010111 - -111011101001101101?
111011011100010110
In base 8, what is -1311 + 234104?
232573
In base 11, what is 1 + 52a702?
52a703
In base 10, what is -52 + -121068?
-121120
In base 14, what is -3 - -981634?
981631
In base 3, what is 10 + 11221101102020221?
11221101102021001
In base 15, what is 2 + 2aa675?
2aa677
In base 9, what is -1785131 + 333?
-1784687
In base 12, what is -1909858 - 43?
-190989b
In base 5, what is -124043 - -113424?
-10114
In base 8, what is -607316523 - 0?
-607316523
In base 10, what is -5921983 - -11?
-5921972
In base 7, what is -1010416 - -52?
-1010334
In base 14, what is 4c3cd + 16b?
4c55a
In base 6, what is 202503331311 + 5?
202503331320
In base 4, what is -2123 + 1120032?
1111303
In base 4, what is -3033312320 - -20?
-3033312300
In base 15, what is -59462 - 8?
-5946a
In base 12, what is -437bbb62 + 1?
-437bbb61
In base 2, what is 100101100 + 1111110011110011001?
1111110100011000101
In base 15, what is bbc19d - -b?
bbc1a9
In base 7, what is 60146 - -312?
60461
In base 16, what is 15 - -da7b5?
da7ca
In base 10, what is -288 - 45492?
-45780
In base 5, what is 44201 - -1142?
100343
In base 12, what is -1b813125 - 1?
-1b813126
In base 11, what is -14847a + -145?
-148614
In base 9, what is -117 + 3132683?
3132565
In base 14, what is -1 + 139b43?
139b42
In base 2, what is 1100001010010011110100011110 + 0?
1100001010010011110100011110
In base 2, what is 10101011100101000001 - 10110110?
10101011100010001011
In base 12, what is 449338 + 3?
44933b
In base 12, what is 3a813 + -30b9?
37716
In base 6, what is 24122 - -222545?
251111
In base 11, what is 1653612 + 1?
1653613
In base 16, what is 8ece9 + -24d?
8ea9c
In base 11, what is 100096 + 34?
10011a
In base 16, what is 1 - 7f5581e?
-7f5581d
In base 10, what is -3 - 28548756?
-28548759
In base 3, what is 22222120010 - 2221012?
22212121221
In base 14, what is 2 - -8086?
8088
In base 16, what is 74 - -50aef?
50b63
In base 8, what is 2510 + 160220?
162730
In base 2, what is 1001001110101 - -1101101111110011?
1110111001101000
In base 13, what is 2a185b8 + 8?
2a185c3
In base 11, what is 0 + 1431851?
1431851
In base 13, what is -22a + a154?
9c27
In base 12, what is 503a7 - 57?
50350
In base 16, what is -2aa4a0 - -3?
-2aa49d
In base 3, what is 122201111 + -11101010?
111100101
In base 4, what is 31 - -3323120300?
3323120331
In base 8, what is 12 - -340367413?
340367425
In base 10, what is -127223 - 1121?
-128344
In base 3, what is -2 + 1200200120020?
1200200120011
In base 10, what is 13 + -16917750?
-16917737
In base 2, what is -10000000000111 + -11001000011011?
-101001000100010
In base 16, what is a2 + 55e46?
55ee8
In base 7, what is 3 - 601614036?
-601614033
In base 6, what is -2 - -112232432?
112232430
In base 7, what is 111324 + -15324?
63000
In base 5, what is 20124 + -4220044?
-4144420
In base 8, what is -3363006057 - -3?
-3363006054
In base 9, what is -5 + -8800615?
-8800621
In base 16, what is -1df + 11fb32?
11f953
In base 6, what is -1454 - -1332515?
1331021
In base 8, what is -6133124 - -520?
-6132404
In base 9, what is -5273 - -1288?
-3874
In base 14, what is 4d22cd - 12?
4d22bb
In base 13, what is 10 + -4c7749?
-4c7739
In base 9, what is -802881 - 186?
-803177
In base 9, what is -152 - 823?
-1075
In base 5, what is 0 - -11410334440?
11410334440
In base 9, what is 2173 + -37012?
-34728
In base 3, what is 2000102102210 - -12210?
2000102122120
In base 6, what is -105 - 113233414?
-113233523
In base 7, what is -12464055 + -30?
-12464115
In base 6, what is -334 + -200511?
-201245
In base 6, what is -1 + -1221210401?
-1221210402
In base 15, what is -1139 - 2a763?
-2b89c
In base 9, what is -260807 - 31?
-260838
In base 8, what is -107776173 + 4?
-107776167
In base 9, what is 22581 - 11822?
10658
In base 5, what is -4242012420 - 1?
-4242012421
In base 4, what is 10 + -3131203131?
-3131203121
In base 4, what is 12330312133133 - -2?
12330312133201
In base 7, what is -1134452 - 1514?
-1136266
In base 14, what is -c0 + 87988?
878a8
In base 15, what is -6c + 6386?
6319
In base 13, what is 341ca1c - 8?
341ca14
In base 6, what is -101 + 1012544223?
1012544122
In base 8, what is -72 - 33145651?
-33145743
In base 6, what is 1 + 32133010?
32133011
In base 2, what is 10 + 10011111101110011000100010?
10011111101110011000100100
In base 10, what is 4 + 602956?
602960
In base 11, what is -19 + 3a9338?
3a931a
In base 2, what is 10011101001011 + 111001000110?
11010110010001
In base 3, what is 121011111201120 + 12?
121011111201202
In base 16, what is 29a798 + 2f?
29a7c7
In base 8, what is -10 - -3344675?
3344665
In base 15, what is 1 - 69d644?
-69d643
In base 6, what is -110220221 + -205?
-110220430
In base 5, what is -100 + 312032324?
312032224
In base 9, what is -848353 + -86?
-848450
In base 10, what is 257 + -6501?
-6244
In base 10, what is 9709 - 35969?
-26260
In base 7, what is -2323510 - 213?
-2324023
In base 7, what is 2654 + -135165?
-132211
In base 4, what is -23 + 2122133003030?
2122133003001
In base 12, what is -280 - 4117?
-4397
In base 7, what is -2500155 - 11?
-2500166
In base 3, what is -1112200010020 - -12112?
-1112122220201
In base 6, what is -5023113 + 10005?
-5013104
In base 12, what is 1106496b6 + 4?
1106496ba
In base 6, what is 43211224224 - -3?
43211224231
In base 4, what is 321222200 + -123?
321222011
In base 3, what is -1 - 2112100020000102?
-2112100020000110
In base 10, what is 138088 - -139?
138227
In base 16, what is ec28 + e2?
ed0a
In base 2, what is 10001011100001100010111100 + 11?
10001011100001100010111111
In base 3, what is 10122201210120 - 1?
10122201210112
In base 12, what is 1 + -342b46b?
-342b46a
In base 14, what is -18 - 149c05?
-149c1d
In base 14, what is -51 - -8dbd?
8d6c
In base 13, what is 1065b86 - 2?
1065b84
In base 8, what is -1466471244 - -4?
-1466471240
In base 3, what is -2022 - 10202212?
-10212011
In base 14, what is 13 - -17c21?
17c34
In base 2, what is -11100111 + -1000011000011011?
-1000011100000010
In base 11, what is -9 - -474488?
47447a
In base 5, what is 14402413402 + -4?
14402413343
In base 12, what is -735918 + -1?
-735919
In base 11, what is -5a66 + 3a00?
-2066
In base 7, what is -6306366 - 2?
-6306401
In base 15, what is 18e - 6c6?
-537
In base 3, what is -1000202020210 - 11?
-1000202020221
In